 the highest common divisor of 87 and o.
3
Suppose -360 = -23*z - z. Suppose z*j - 854 = 526. What is the highest common divisor of 8 and j?
4
Let g be (-276)/115*(-89000)/30. What is the greatest common factor of g and 80?
80
Suppose 2*h - 30 = -2*h - 2*k, h + 5*k - 3 = 0. Let o be (40/120)/(2/144). Calculate the highest common divisor of o and h.
8
Let f = 34561 - 34542. Let x be -2 + 2 + 57 + 0. Calculate the greatest common factor of f and x.
19
Suppose 899 = 4*j + 199. Let q be ((-250)/j)/((-2)/70). Let i = q + -32. What is the greatest common factor of 6 and i?
6
Let u = -3803 + 4967. Calculate the greatest common divisor of 36 and u.
12
Let d be 13181/(-77) - 4/(-22). Let h = d - -190. What is the highest common factor of h and 361?
19
Suppose -40 = -0*j + 4*j. Let w be (12/(-10))/(4/j). Suppose -5 = -3*p - 26*v + 24*v, 0 = 3*v + 6. What is the greatest common factor of w and p?
3
Suppose 40 = 2*r - 2*t, -5*t - 87 = -r - 51. Let u = 3 + 7. Calculate the highest common divisor of u and r.
2
Let w be -68*((-81)/18 + 1075/(-20)). What is the greatest common factor of w and 1398?
233
Let f = -2677 - -5029. Calculate the highest common factor of 48 and f.
48
Let m(p) = -p**3 - 5*p**2 - p + 5. Let j be m(-5). Let s be (-3)/12*(-1540)/7. Let i be (s/j)/((-4)/(-72)). What is the greatest common divisor of 9 and i?
9
Let f be 350/2*(-276)/(-115). What is the highest common factor of 220 and f?
20
Suppose r + 140 = 6*r. Suppose -5*l + 131 = -5*s + 1, -3*l = -5*s - 60. What is the highest common divisor of r and l?
7
Let z be 30/(-105) + (-9)/7*-15. Let m = 50 + -49. Calculate the greatest common divisor of z and m.
1
Let w be 3/((-3 - -6)/(-15))*288/(-240). Let l be (-3)/(-9) - 125/(-3). What is the greatest common divisor of l and w?
6
Let f = 13343 + -13168. Let j(v) = 50*v**2 - v - 1. Let c be j(-1). What is the highest common divisor of f and c?
25
Let s(v) = -111*v - 2065. Let j be s(-59). What is the highest common divisor of 236 and j?
236
Let a = 32 + -64. Let p = -22 - a. Let v = p + 3. Calculate the greatest common factor of 117 and v.
13
Let c = 3084 - 3060. What is the greatest common divisor of c and 8328?
24
Let z be 4*1 + (-19 - -15). Suppose 13*n - 12*n = z. Let c be n + (-44)/(-4) - -1. What is the greatest common divisor of 96 and c?
12
Suppose r = 3*a - 10, 2*a + 2 - 10 = 0. Suppose 6*v = r*v + 264. Let t be (-1 + 4)*22/6. Calculate the greatest common divisor of v and t.
11
Let j = -11040 - -11115. What is the greatest common factor of 1175 and j?
25
Let h(b) = 14*b**2 + 3*b - 1. Let a be (2 - 1)*(-4)/(-4). Let w be h(a). Suppose 5*c - 2 = 18. What is the highest common factor of w and c?
4
Suppose 631 = 11*j - 392. Suppose b + 11 = 42. Calculate the highest common divisor of b and j.
31
Suppose -115*s + 107804 + 130476 = 0. Calculate the greatest common factor of 616 and s.
56
Suppose 42 = -24*h + 30*h. Suppose 3*w + m = -4*m + 736, 0 = 2*m + 8. What is the greatest common divisor of w and h?
7
Suppose -7*x + 2 = -6*x. Let j be ((-1)/2*-3)/((-39)/416). Let z(b) = b**2 + 16*b + 6. Let w be z(j). What is the highest common factor of x and w?
2
Let a = 191 + -155. Let x be (-6)/((-4)/a*6). Suppose 0 = -4*i + 198 - 18. What is the highest common factor of i and x?
9
Suppose -42 = 6*w - 576. Let i = w + -72. Suppose -38 - 132 = -5*s. What is the greatest common factor of s and i?
17
Let c(y) = 45*y + 1. Let j be c(-7). Let z = 508 + j. Let a = -66 + z. Calculate the highest common divisor of 32 and a.
32
Let m be (-18)/42 - 177639/(-147). Calculate the highest common divisor of m and 248.
8
Suppose -14*j = 2*u - 15*j, -4*u + 18 = j. What is the greatest common factor of 789 and u?
3
Let r = -14119 - -15560. What is the greatest common divisor of 99 and r?
11
Let h = -19 - 364. Let z = h + 385. Calculate the greatest common factor of 19 and z.
1
Suppose -3*k + 2*h = -199 - 265, -5*k + 4*h + 772 = 0. What is the highest common divisor of 117 and k?
39
Suppose 4*o = 9*o - 4*d - 281, 4*d - 4 = 0. Suppose -o*z - 105 = -60*z. Let v = 1 + 4. What is the highest common factor of z and v?
5
Let x(z) = 159*z**2 - 27*z - 310*z**2 + 152*z**2. Let b be x(-11). What is the greatest common factor of b and 44?
22
Let d(z) = 39*z**3 + 2*z**2 - z + 2. Let i be d(2). Suppose -2*c + 80 = 4*u, 19*c - 48*u = -45*u + 760. What is the greatest common factor of i and c?
40
Let k = -8955 - -9115. What is the greatest common factor of 352 and k?
32
Let d be (16 - -2) + -2 - -251. Calculate the greatest common divisor of d and 17.
1
Let y be -6 + 7/7 - (-21461 - (3 - 4)). Calculate the highest common divisor of 70 and y.
35
Let m be ((-147)/(-5) - 2)/((-113)/(-1130)). What is the greatest common factor of 14111 and m?
137
Let u(v) = -v**3 - 7*v**2 + 15*v + 21. Let h be u(-7). Let s = h - -240. Calculate the greatest common divisor of 12 and s.
12
Let c be (-12)/28 + (22905/(-21))/3. Let g = c - -386. Calculate the highest common factor of 88 and g.
22
Suppose f - 19 = -3*t, 4*t - f = -5*f + 28. Let v be ((-174)/(-36) - t)/(1/(-6)). Suppose -1 = -3*w + 5. Calculate the highest common factor of v and w.
1
Let y(f) = -121*f + 4463. Let m be y(-70). What is the highest common divisor of m and 27?
27
Let r(z) = -9*z + 238. Let h be r(25). Suppose 0 = -2*v - 8, -57 = q - 4*q + 3*v. Let m = h + q. What is the highest common divisor of 14 and m?
14
Let z(p) = p**3 + 4*p**2 + 6*p - 5. Let u be z(5). Suppose -4*l + 4*k + 376 = 0, 0 = -15*k + 16*k - 6. What is the greatest common divisor of u and l?
50
Suppose 52*x = 3*k + 50*x - 65895, 4*k - 87860 = -2*x. Calculate the greatest common factor of 382 and k.
191
Let n = -145 + 170. Let h(q) = -q**2 + 25*q + 84. Let f be h(n). Calculate the greatest common factor of f and 12.
12
Suppose -2203 = -4*d + 4*i + 637, -1440 = -2*d - 2*i. What is the highest common divisor of 143 and d?
143
Let n be ((-1)/4)/((-401)/30476). Suppose 5*a - 1147 = -292. What is the greatest common divisor of a and n?
19
Let j be (-34)/(-8)*(-72)/(-18). Suppose j*k + k = 17028. Calculate the greatest common factor of 22 and k.
22
Let t = -103 - -334. Let y = 343 - t. What is the highest common divisor of 32 and y?
16
Let h(u) = u**3 + 5*u**2 - 3. Let m be h(0). Let w(v) = -29*v - 27. Let p be w(m). What is the greatest common divisor of 150 and p?
30
Let z = 267 + 70. Let f = z - 334. Calculate the highest common factor of 96 and f.
3
Let n(v) = -39*v**3 + 3*v**2 - 3*v - 1. Let u be n(-1). What is the greatest common divisor of 594 and u?
22
Let p(u) = -u**3 + 8*u**2 + 62*u - 412. Let y be p(10). Calculate the highest common factor of y and 2764.
4
Suppose -19*d - 63 = -28*d. Suppose -g + 10 = -3. Let n(q) = q**3 - 13*q**2 + 14. Let p be n(g). What is the highest common divisor of d and p?
7
Let f(c) = -58*c + 2822. Let s be f(35). What is the highest common factor of 561 and s?
33
Let f(q) = -2*q**2 - 32*q - 21. Let d be f(-9). Let i be 8/6*d/10. Calculate the greatest common divisor of i and 133.
7
Let m = 17646 + -17628. Let d be ((-6)/4 - -2)*60. Calculate the highest common divisor of m and d.
6
Suppose 4*a - 17*r = -21*r + 2276, -2*a + 2*r + 1146 = 0. What is the greatest common divisor of 2 and a?
1
Let a = 838 - -2102. Calculate the greatest common divisor of a and 10.
10
Let q be (-2758)/(-4)*(10 - 8). Calculate the highest common factor of q and 7.
7
Suppose 0 = 2*f - 2 - 6. Let d(q) = 6*q**2 - 4*q - 2. Let b be d(f). Suppose 17 = 2*m - 5*p, -1 = -p + 2*p. Calculate the highest common divisor of m and b.
6
Let u be ((9416/(-10))/11)/(2/(-5)). Let v = u - 122. What is the highest common divisor of v and 115?
23
Let k(n) = 18*n. Let z be ((2 - -4)/1)/1. Suppose 5*p - z = -1. Let s be k(p). Calculate the greatest common divisor of s and 198.
18
Let b be (-162)/(5 + (-93)/9 - -5). What is the greatest common factor of b and 864?
54
Suppose 0 = n - 5*u - 43, -84*n + 2*u = -79*n - 238. Calculate the highest common factor of 4656 and n.
48
Let f = -97 + 99. Suppose -f*b + b = -8. Let t(a) = a**3 - 7*a**2 - 5*a - 3. Let o be t(b). What is the highest common divisor of 3 and o?
3
Let y = -2835 + 4347. Let g = y - 984. Calculate the greatest common divisor of g and 33.
33
Let c(w) = 2*w**3 - 19*w**2 + 170*w - 1927. Let g be c(11). Let y = 37 - 